
3
Suppose -3*l = -3*w + 36, -4*w = w - 4*l - 56. What is the remainder when 36 is divided by w?
4
Suppose 110 = 3*o + 2*z, o + 3*z - 40 = -z. Calculate the remainder when o is divided by 13.
10
Let o(g) = 6*g**2 + 7*g + 24. Calculate the remainder when o(-4) is divided by 19.
16
Suppose 67 = 2*q + 2*u - 127, -109 = -q + 5*u. What is the remainder when q is divided by 34?
31
Let f be 1*(5 - 2)/(-1). Let d = f + 1. Calculate the remainder when (46/3)/(d/(-6)) is divided by 16.
14
Suppose 0 = -3*b - 3*u + 6, u + 2*u = -12. Calculate the remainder when 8 is divided by b.
2
Suppose v + 150 = 4*v. Let l be 3/((-39)/(-15) - 2). Suppose -20 = -4*w, -l*w - 51 - 9 = -5*y. Calculate the remainder when v is divided by y.
16
What is the remainder when 4/2 + 85 - -3 is divided by 23?
21
Let j(x) = x**2 + 10*x - 3. What is the remainder when 37 is divided by j(-11)?
5
Let g = 103 + -66. Calculate the remainder when g is divided by 4.
1
Suppose -f = f - 34. What is the remainder when f is divided by ((-3)/2)/(3/(-12))?
5
Suppose -5*w + 25 = -0*w. Suppose 0 = 3*g - 4*g, w*b - 2*g - 40 = 0. Calculate the remainder when 13 is divided by b.
5
Suppose -4*z + 6*z - 48 = 0. Calculate the remainder when 71 is divided by z.
23
Let a(y) = 3*y**2 + 14*y - 2. What is the remainder when 90 is divided by a(-7)?
43
What is the remainder when 0 - 3 - (-282)/6 is divided by 12?
8
Let v(f) = -3*f**2 + 2*f + 1. Let o be v(2). Let k = o - -9. Calculate the remainder when 3 is divided by k.
1
Let i be (-5)/((-2 - -1)*1). Suppose 21 = i*u + 6. Calculate the remainder when 22 is divided by u*6*2/3.
10
Suppose 2*y - 7 = -3*b, 2*y = 3*b + b. Calculate the remainder when 4 is divided by y.
0
What is the remainder when 79 is divided by 0 - (-22 - (2 - 4))?
19
Let n(p) = -p**2 - 8*p + 4. Let q = -21 + 37. Let l = -9 + q. Calculate the remainder when n(-5) is divided by l.
5
Suppose 11 = -r + 21. Let h(t) = 2*t**2 + t. What is the remainder when r is divided by h(1)?
1
Let q be (-2 + 4)*2/(-2). Let o be -6*(q + (-12)/(-9)). Suppose 24 = o*f - 52. What is the remainder when f is divided by 10?
9
Let x(o) = -2*o**2 + 14*o + 2. Let l = 70 + 30. Suppose 0 = 3*s + s - l. Calculate the remainder when s is divided by x(6).
11
Let t(u) = -u + 12. Let g be t(0). Let l be (2 + -8)/(g/16). Let y = 15 + l. Calculate the remainder when 13 is divided by y.
6
Suppose 3*p - 31 = -4. Suppose p*y - 4*y = 60. Let w = -48 - -71. What is the remainder when w is divided by y?
11
Suppose 6*u + 2 = d + u, 0 = -4*d - 5*u + 33. Let p(l) = l + 1. What is the remainder when p(3) is divided by 2/d + (-57)/(-21)?
1
Let y(t) = t - 1. Let z be y(2). Let b be z/1*(0 - 1). Let o = 0 - b. What is the remainder when o is divided by 1?
0
Let v(q) = -5*q**3 + q**2 + 2*q. Let d = 2 + -4. Calculate the remainder when v(d) is divided by 14.
12
Let s(p) = 3*p - 10. Let m(q) = 2*q - 11. Let c(x) = -2*m(x) + 3*s(x). Calculate the remainder when c(8) is divided by 17.
15
Suppose 0 = -3*n - 5*v + 26, 10 = -4*v + 2*v. Calculate the remainder when 31 is divided by n.
14
Suppose -d = -5*d. Suppose 10 = -d*u + 2*u. Calculate the remainder when u is divided by 0 + -1*3*-1.
2
Let p(q) = -q**2 + q + 18. Suppose -132 + 392 = 5*x - n, n - 217 = -4*x. Calculate the remainder when x is divided by p(0).
17
Calculate the remainder when ((-8)/2)/(28/(-1064)) is divided by 39.
35
Let d(q) = q**2 + q + 5. Calculate the remainder when 18 is divided by d(0).
3
Suppose -22 + 56 = 2*s. Let h(a) = a - 1. Let n be h(-6). Let j = s + n. Calculate the remainder when 19 is divided by j.
9
Suppose -5*j + j + 52 = 0. What is the remainder when 23 is divided by j?
10
What is the remainder when 91 is divided by (-14)/(-63) - 277/(-9)?
29
Suppose 56 + 97 = 17*o. What is the remainder when 33 is divided by o?
6
Suppose 5*q + g = 91, 22 = -2*q - 5*g + 63. Calculate the remainder when 50 is divided by (-88)/(-7) - q/(-42).
11
Let c(l) = -l**3 - 20*l**2 + 2*l + 43. Calculate the remainder when 6 is divided by c(-20).
0
Let h = -17 + 27. Suppose 0 = -3*m + 2*m. Suppose m = 6*q - 2*q - 76. Calculate the remainder when q is divided by h.
9
Let w(r) = 13*r - 17. Suppose 0 = -3*q + 4*q - 2*i - 26, 2*q = 2*i + 42. Calculate the remainder when w(6) is divided by q.
13
Let u(g) = -41*g**3. What is the remainder when u(-1) is divided by 14?
13
Let l(y) = y**3 + 6*y**2 - 7*y - 4. Let n be l(-5). Suppose d - n = 2. What is the remainder when d is divided by 20?
18
Suppose -102 = -24*g + 18*g. What is the remainder when 50 is divided by g?
16
Let x(d) = d**3 + 8*d**2 - 2*d - 4. Let k be x(-8). Suppose 0 = g + 3, 3*t + 0*g = -g + 6. What is the remainder when t is divided by k/9*(-3)/(-2)?
1
Let k = 0 - -6. What is the remainder when 27 is divided by k/4*20/2?
12
Let u be (2 + 158 + -2)/2. Suppose 5*g - u = 26. Let o(k) = -k**3 + 8*k**2 + 9*k + 11. What is the remainder when g is divided by o(9)?
10
Let x = -106 + 32. Let v = x - -114. Calculate the remainder when v is divided by 14.
12
Suppose -h - 3 = 5. Suppose 2*u - 63 = -u. Calculate the remainder when u is divided by 3 - 1 - (4 + h).
3
Suppose 2*a + 0 - 4 = 0. Suppose -a = -3*n + 1. Suppose 2*f - 2 = -b, 5*f - 2*b + 0 = 5. Calculate the remainder when n is divided by f.
0
Suppose -18 = -k - 14. Calculate the remainder when 23 is divided by k.
3
Let y = 91 - -10. Calculate the remainder when y is divided by 52.
49
Let z(o) = -54*o - 1. Let v be (-5)/4 + 2/8. Let p be z(v). Suppose -2*w + 5*a + p = 0, -5*w - 2*a + 118 = -0*a. What is the remainder when w is divided by 13?
11
Let n be (6 + -14)*(-6)/4. Suppose -k = -n - 3. Let q = k - -4. What is the remainder when 36 is divided by q?
17
Suppose 4*k - 2*k - 176 = 0. Calculate the remainder when k is divided by 13.
10
Suppose 3*v = 5*w + v + 30, -v = 0. Let i(g) = -10*g - 2. Suppose -2*l - 5*j = -20, -l + 9 + 3 = 2*j. Calculate the remainder when i(w) is divided by l.
18
Suppose 3*s = v - 5 - 6, 2*v - s = 27. Calculate the remainder when -4*(-1 - 25/2) is divided by v.
12
Suppose 5*s - 2*s - 3 = 0, 2*s + 63 = x. What is the remainder when x is divided by 22?
21
Let j(r) = -r**2 + 14*r - 2. What is the remainder when j(6) is divided by 16?
14
Let w(k) = k**2 + 1. Let m(o) = -o**3 + o**2 + o + 8. Let g(n) = m(n) - 3*w(n). Let t(u) = 4*u**2 + u - 1. What is the remainder when g(-4) is divided by t(2)?
16
Let b be 4/(2 + -2 + 2). Let k be 25/b*(-24)/10. Let r = k - -45. What is the remainder when 27 is divided by r?
12
Suppose 65 = z - 2*s, -2*z - 2*s = 2*s - 138. Calculate the remainder when z is divided by 23.
21
Let z be (-2)/4*(5 + -7). What is the remainder when (1 + z)*(-21)/(-6) is divided by 4?
3
Let m = -7 + 11. Calculate the remainder when m is divided by ((-17)/(-51))/(2/24).
0
Suppose 0 = 8*l - 0*l - 704. What is the remainder when l is divided by 18?
16
Suppose i = -i + 8. Let r(f) = -f**2 + f + 9. Let q be r(0). Suppose -57 = -i*x - q. Calculate the remainder when 22 is divided by x.
10
Let x be 6 + -1 + 8/(-8). Suppose -x*j + 29 = -3*j. Calculate the remainder when j is divided by 10.
9
Let m = -4 + 2. Calculate the remainder when -5 - -33 - (m + -1) is divided by 11.
9
Calculate the remainder when 8/(-6)*(-198)/4 is divided by 14.
10
Let u = 12 + -21. Let a = -1 - u. What is the remainder when 29 is divided by a?
5
Suppose -m = -0*m. Let q(s) = -s**3 + s**2 + 5. Calculate the remainder when 18 is divided by q(m).
3
Let q be (3/(-5))/((-2)/(-10)). Suppose 3*n + 0*p + 2*p - 39 = 0, -5*n = p - 72. Let y = n + q. Calculate the remainder when 35 is divided by y.
11
Suppose 2*h + 6 = -j + 3*h, 0 = 5*j - 3*h + 20. Calculate the remainder when (0 - j)/((-1)/(-2)) is divided by 1.
0
Let p = 8 - 4. Suppose -3*w = p*j - 113, 5*j - 59 - 83 = -3*w. Calculate the remainder when j is divided by 15.
14
What is the remainder when (1/1 - 42)/(-1) is divided by 11?
8
Let r = 0 - -5. Suppose -3*o - 114 = 3*w, 3*w = 4*o + o + 190. What is the remainder when o/(-4) + (-1)/2 is divided by r?
4
Let s be 148/16*4*1. Suppose 0 = -3*f + s + 20. Calculate the remainder when f is divided by 11.
8
Suppose v = -5*m + 44, 0 = 6*v - 2*v - 2*m - 88. What is the remainder when v is divided by 14?
10
Let r = 9 + -3. Let y = r + 17. What is the remainder when 66 is divided by y?
20
Let u(r) = r*